e highest common divisor of 178 and 286224.
178
What is the highest common factor of 2050720 and 2240?
1120
What is the greatest common factor of 147934 and 3664?
458
What is the greatest common divisor of 392 and 21511?
49
What is the greatest common factor of 399756 and 84?
84
Calculate the greatest common factor of 4125 and 3375.
375
Calculate the highest common divisor of 59 and 224377.
59
Calculate the highest common divisor of 176 and 130889.
11
What is the highest common factor of 565 and 282274?
113
What is the highest common divisor of 14927482 and 94?
94
What is the highest common factor of 180171 and 270?
27
What is the highest common factor of 8181918 and 18?
18
Calculate the highest common divisor of 4720 and 4800.
80
What is the highest common factor of 11524 and 10062?
86
What is the highest common divisor of 233225 and 200?
25
What is the greatest common factor of 6556 and 21472?
44
What is the highest common divisor of 4920012 and 2736?
684
What is the greatest common divisor of 23 and 851?
23
Calculate the greatest common factor of 110 and 952435.
55
What is the highest common divisor of 150375 and 135?
15
Calculate the greatest common factor of 13872 and 108.
12
What is the greatest common factor of 441 and 102249?
63
Calculate the greatest common factor of 10406 and 2709.
43
Calculate the highest common divisor of 18380 and 100.
20
Calculate the highest common divisor of 585 and 416.
13
Calculate the greatest common divisor of 228 and 56676.
12
Calculate the greatest common divisor of 27 and 42336.
27
Calculate the greatest common divisor of 48 and 25161.
3
What is the highest common factor of 1860 and 4170?
30
Calculate the highest common divisor of 88 and 17281.
11
What is the greatest common factor of 433622 and 188?
94
What is the highest common factor of 812058 and 403?
13
Calculate the greatest common factor of 638 and 306240.
638
What is the greatest common factor of 500 and 666800?
100
Calculate the highest common factor of 388 and 1574310.
194
What is the highest common divisor of 4141 and 5353?
101
What is the greatest common divisor of 806312 and 416?
104
What is the greatest common factor of 926400 and 75?
75
Calculate the greatest common factor of 505 and 64943.
101
Calculate the highest common factor of 24 and 71004.
12
What is the highest common factor of 448870 and 50?
10
What is the greatest common divisor of 3130 and 1270?
10
Calculate the greatest common divisor of 3283 and 441.
49
Calculate the highest common divisor of 2843700 and 60.
60
Calculate the highest common factor of 11804 and 468.
52
What is the highest common divisor of 25937 and 111?
37
Calculate the highest common factor of 600 and 16920.
120
What is the greatest common divisor of 71400 and 224280?
840
What is the greatest common divisor of 12639 and 187?
11
What is the greatest common factor of 5400 and 1480?
40
Calculate the highest common factor of 374 and 9826.
34
Calculate the greatest common factor of 16896 and 864.
96
Calculate the highest common divisor of 33593 and 112.
7
Calculate the highest common factor of 20 and 86980.
20
Calculate the greatest common factor of 187665 and 60.
15
Calculate the highest common divisor of 362193 and 5291.
481
What is the greatest common divisor of 2630 and 7364?
526
What is the highest common divisor of 50 and 236450?
50
What is the greatest common factor of 180167 and 26?
13
What is the greatest common factor of 16160 and 4800?
160
Calculate the greatest common divisor of 9 and 472527.
9
Calculate the highest common factor of 316128 and 480.
96
Calculate the highest common factor of 20638 and 17.
17
What is the greatest common factor of 265696 and 32?
32
Calculate the highest common divisor of 2813 and 2378.
29
Calculate the highest common factor of 1927 and 2021.
47
Calculate the highest common factor of 108 and 4274532.
108
Calculate the greatest common divisor of 22 and 32458.
2
What is the greatest common factor of 1032438 and 132?
66
What is the highest common divisor of 110 and 20135?
5
What is the greatest common divisor of 1348979 and 97?
97
What is the greatest common factor of 4899 and 1349?
71
What is the highest common divisor of 779 and 147272?
41
Calculate the highest common divisor of 63 and 393183.
63
Calculate the highest common divisor of 72 and 2424.
24
Calculate the greatest common factor of 4004 and 5148.
572
What is the highest common divisor of 1758408 and 82?
82
What is the highest common factor of 21190652 and 28?
28
Calculate the greatest common factor of 3786840 and 3216.
1608
What is the greatest common divisor of 4617 and 18?
9
What is the greatest common divisor of 830 and 278548?
166
Calculate the greatest common factor of 255 and 79985.
85
What is the greatest common divisor of 122 and 3080683?
61
Calculate the greatest common factor of 969831 and 2364.
591
What is the highest common factor of 513 and 2280?
57
Calculate the greatest common divisor of 12348 and 14847.
147
Calculate the greatest common factor of 227 and 235853.
227
What is the greatest common factor of 111664 and 128613?
997
What is the highest common factor of 2410 and 2401324?
482
What is the highest common factor of 7055 and 54448?
83
What is the highest common divisor of 4896 and 43758?
306
Calculate the highest common divisor of 514290 and 14105.
1085
Calculate the greatest common divisor of 41971 and 1833.
47
What is the greatest common factor of 928239 and 39?
39
What is the highest common divisor of 9732 and 192?
12
What is the highest common divisor of 9996 and 69428?
68
Calculate the greatest common divisor of 2232 and 13144.
248
What is the greatest common divisor of 190012 and 5762?
134
What is the highest common divisor of 182 and 20657?
91
Calculate the greatest common factor of 5451537 and 798.
399
What is the greatest common divisor of 20539 and 66505?
47
What is the highest common factor of 401970 and 330?
30
Calculate the highest common divisor of 875 and 4625.
125
Calculate the greatest common divisor of 65 and 4018170.
65
What is the highest common factor of 296743 and 201?
67
What is the highest common divisor of 3092 and 784?
4
What is the highest common divisor of 1054 and 176049?
31
Calculate the highest common factor of 356 and 792723.
89
Calculate the highest common divisor of 174330 and 596.
298
What is the greatest common divisor of 50872 and 344?
8
Calculate the greatest common divisor of 21390 and 2300.
230
What is the greatest common factor of 208780 and 533?
13
Calculate the highest common factor of 1414 and 5054.
14
What is the greatest common divisor of 4472 and 2288?
104
What is the highest common divisor of 4876 and 1274120?
212
Calculate the highest common divisor of 355 and 522347.
71
Calculate the greatest common factor of 9 and 79767.
9
What is the highest common divisor of 624480 and 960?
480
What is the highest common factor of 192 and 1552?
16
What is the greatest common factor of 5380 and 815?
5
What is the highest common factor of 24544 and 3328?
416
What is the greatest common factor of 1457853 and 469?
67
What is the highest common factor of 126 and 50562?
18
What is the greatest common divisor of 1212 and 4632?
12
Calculate the highest common divisor of 5 and 37165.
5
What is the highest common factor of 50460 and 180?
60
Calculate the highest common factor of 5981622 and 618.
618
Calculate the greatest common factor of 3401 and 304.
19
What is the greatest common factor of 2030 and 16849?
203
What is the highest common divisor of 256523 and 1420?
71
What is the greatest common factor of 90560 and 5094?
566
Calculate the greatest common factor of 297498 and 537.
537
What is the highest common factor of 3716 and 124?
4
Calculate the greatest common factor of 855992 and 40.
8
What is the greatest common factor of 22000 and 28820?
220
What is the highest common divisor of 5542 and 40750?
326
Calculate the highest common divisor of 3045 and 309981.
609
Calculate the highest common factor of 957 and 297.
33
Calculate the greatest common factor of 8323 and 77.
7
Calculate the highest common factor of 12896 and 186.
62
Calculate the highest common divisor of 571104 and 1728.
864
What is the highest common divisor of 1080 and 2407860?
540
What is the great